= 3*o. What are the prime factors of b(i)?
2, 157
Suppose 0 = 7*p - 249 - 101. Let i = 58 + 2. Let d = p + i. What are the prime factors of d?
2, 5, 11
Let y(a) = 2*a**2 - 25*a + 17. Let m be 2*(3/2 + 2). Let q be (-2)/(m/(-6) - -1). List the prime factors of y(q).
5
Let k be 1/(22/12 + -2) + 1. Let c(f) = -107*f + 75. List the prime factors of c(k).
2, 5, 61
Let o(b) = -412*b + 5137. List the prime factors of o(-99).
5, 11, 167
Suppose -526*t = -503*t - 2124671. List the prime factors of t.
92377
Let v(j) = -205*j + 18. Suppose -8 = 9*i - i. List the prime factors of v(i).
223
Let r be (-12)/(-3) + 8 + -4. Suppose -j = 4*p - r + 1, p + 5 = 2*j. What are the prime factors of 151/2*(-12)/(-18)*j?
151
Suppose 2*p + g + 22 = 5*p, 5*g + 14 = 3*p. Suppose -p*m = -20*m + 3060. What are the prime factors of m?
3, 5, 17
Suppose 10*x - c = 102526, -75*x - 4*c - 20490 = -77*x. What are the prime factors of x?
10253
Suppose -3*l + 5*a = -148, 99 = 2*l + 4*a - 7*a. Let f = 65 + l. Let k = 77 + f. List the prime factors of k.
193
Suppose 12*j - 84204 = 2*j + 18946. What are the prime factors of j?
5, 2063
Let q(m) = 8*m**2 - 8*m - 10. Let p be (-7 - -1)*(-4)/(-6). List the prime factors of q(p).
2, 3, 5
Suppose -4*d - 3*r = -33244, -4*d - 9*r + 33260 = -8*r. List the prime factors of d.
8317
Let q(a) be the second derivative of -a**5/20 - a**4/2 - 2*a**3 - 2*a**2 + 13*a. Let t be q(-3). Suppose -2*n - t = -79. List the prime factors of n.
37
Suppose 4*b - n - 23214 = 0, -5*b + 770*n - 771*n = -29004. List the prime factors of b.
2, 3, 967
Suppose -11*a + 1600 = -6*a. Let x = a - 150. Suppose 4*y - 3*m + 4*m - 173 = 0, 0 = 4*y - 2*m - x. What are the prime factors of y?
43
Let j = 46875 + -24847. What are the prime factors of j?
2, 5507
Suppose 0 = -4*a - 2*a + 90. Suppose -3*f = -a*f + 108. What are the prime factors of (-1 - 1168/(-4))*3/f?
97
Suppose 504*j - 499*j + 2520 = 0. Let f = 142 - j. What are the prime factors of f?
2, 17, 19
Let u(x) = 39*x**2 - 217*x + 4951. What are the prime factors of u(31)?
3, 3967
List the prime factors of 6/90*-3*-2 - (-522052)/20.
3, 7, 11, 113
Let t(y) = 52 - 25 + 9*y - 2*y**3 + 3 + 0*y - y**2. List the prime factors of t(-4).
2, 53
Suppose -2*w - 32283 = 3*a, -3*a - 20592 - 11691 = 4*w. List the prime factors of a/(-102) - (-1)/2.
2, 53
Let i(d) = 129*d - 65. Let z be i(-10). Let n = 2042 + z. List the prime factors of n.
3, 229
What are the prime factors of 5*(0 + 21748/(-20))*-1?
5437
Let z = -105 + 21. What are the prime factors of (z/(-48))/((-4)/(-592))?
7, 37
Suppose -2*s = 4*p - 16478, 4*s + 5*p - 34165 + 1191 = 0. List the prime factors of s.
37, 223
Let t(r) = 1903*r + 522. What are the prime factors of t(36)?
2, 3, 5, 13, 59
List the prime factors of 1719/(-3)*(6 + (-264)/36).
2, 191
Let r(d) = 10*d - 52. Let p be 18/45 + ((-112)/(-10))/2. Let v be r(p). Suppose -19*l + v*l + 847 = 0. What are the prime factors of l?
7, 11
What are the prime factors of (-12)/9*1110513/(-496)*(2 + 2)?
11941
Suppose -4*a = -2*s + 50, -88 = -4*s + a + 4*a. Suppose s = t + 12. Suppose -n - 2*y + 59 = -41, -n = -t*y - 93. List the prime factors of n.
2, 7
Let y be ((-20)/12)/1*-3. Let c(z) = y + 3*z**2 + 1 - 2 - 2 + 4*z. List the prime factors of c(6).
2, 67
Suppose -13*n + 35*n = -36*n + 341678. List the prime factors of n.
43, 137
Suppose -2*o = 4*j - 5126, 2*j - 2543 = -4*o - o. Suppose -5*u + 1589 = b, 5*u + 4*b - j = u. Let v = 454 - u. List the prime factors of v.
137
What are the prime factors of (400/(-70) - -6) + 2362570/49?
2, 3, 7, 41
Suppose 3*g = 6*d - 8*d + 15, 3*d - 3 = 2*g. List the prime factors of -2 - (6 - d)*(-94)/1.
2, 5, 7
Suppose 0 = -4*t + 4, 0 = -3*c - t - t + 26. Let m(h) = 7*h**2 + 16*h - 18. What are the prime factors of m(c)?
2, 3, 31
Suppose 0 = q + 15*q + 32. What are the prime factors of (-4 + (452 - q))*1?
2, 3, 5
Let h(f) = 6*f - 2. Let p be h(1). Suppose u = 2*u - p*u. Suppose 4*i - 104 = -u*i. What are the prime factors of i?
2, 13
Suppose 0 = -i - 3*t + 2441, -2*i - 489*t + 4876 = -485*t. What are the prime factors of i?
2, 19
Suppose 3*r + 3*b - 170358 = 0, 107*r - 110*r + 7*b = -170388. What are the prime factors of r?
109, 521
Suppose 0 = -3*c + 5*q + 6858 + 9308, -c = 3*q - 5370. List the prime factors of c.
2, 3, 13, 23
Suppose 0 = 29*d - 10382 - 32712. What are the prime factors of d?
2, 743
Suppose -14*o + 2*o + 2760 = 0. Suppose -u - 2*x = -154, 0 = -4*u + 2*x + 127 + 529. Let c = o - u. What are the prime factors of c?
2, 17
Let u(j) = -3*j + j + 2 - 5 + 858*j**2 + 4*j. Let n be u(1). Suppose -11*y + 540 + n = 0. List the prime factors of y.
127
Suppose -4*r = 13*j - 15349, 0 = r + 9*j - 6*j - 3837. List the prime factors of r.
2, 3, 71
List the prime factors of 6*(-25)/((-675)/299574).
2, 11, 17, 89
Suppose 3*g - 5*k = 8*g - 105025, 5*k = 20. What are the prime factors of g?
21001
Let d(a) = -6*a**3 + 23*a**3 - 2*a**2 - 15*a - 354 + 375. List the prime factors of d(4).
3, 113
Let t be (-8)/52 + 24/156. Suppose -4*x - 5*c + 2184 = t, 4*x + 4*c - 1951 = 233. List the prime factors of x.
2, 3, 7, 13
Let i = 614 - -16. Suppose f + 4*n + 923 = 4*f, -2*f = n - i. List the prime factors of f.
313
What are the prime factors of (-74768)/(-20) + (-57)/(-95)?
3739
Suppose 5*t - 215517 = -m, 5*t - 179030 - 36479 = -2*m. List the prime factors of t.
5, 37, 233
Suppose 14*p - p - 1742 = 0. Let q = 200 - p. What are the prime factors of q?
2, 3, 11
Let o(d) = -d**3 - 15*d**2 + 7*d - 22. Suppose 4*v - 8*v - 60 = 0. Let n be o(v). Let j = -36 - n. What are the prime factors of j?
7, 13
Suppose -4*g - 5*f = 15, 5*g + f + 2 + 1 = 0. Let s(h) = h**3 + 4*h**2 + 4*h + 163. List the prime factors of s(g).
163
Let x = 17 + -17. Suppose 3*o = -6*v + v, 3*o - 5*v = x. Suppose 0 = -4*d + 5*g + 320, -4*d + o*d - 5*g + 360 = 0. What are the prime factors of d?
5, 17
Let i(r) = -1077*r + 1259. What are the prime factors of i(-14)?
17, 31
Let c(t) = -t**3 - 4*t**2 + 4*t + 3. Let a be c(-5). What are the prime factors of 2292/a*16/6?
2, 191
List the prime factors of ((-3044)/(-10))/(81/2835).
2, 7, 761
Suppose -v - 31539 + 232707 = 8*v. List the prime factors of v.
2, 11, 127
List the prime factors of 1/((-5)/1270490*-13).
2, 29, 337
Suppose -p + 24*u + 25 = 21*u, -2*p + 80 = 4*u. List the prime factors of 62379/51 + (-4)/p.
1223
Let u be -4 + (-6)/(-3)*1073. What are the prime factors of -3 + u/7 + 1?
2, 19
Let r(s) = -2*s**2 + 23*s - 67. Let w(j) = -j**2 + 12*j - 34. Let q(h) = 2*r(h) - 5*w(h). Let y be q(10). List the prime factors of ((-5)/(-10))/(y/(-616)).
7, 11
Suppose 22*h = -1055 + 219. Suppose -2*c + 94 = 4*v, 7*c - 3*v = 2*c + 274. Let q = c + h. List the prime factors of q.
3, 5
Suppose -a = -10346 - 1116 - 2418. List the prime factors of a.
2, 5, 347
Suppose 2*i - 5*o = 69234, -22*o + 19*o - 173028 = -5*i. List the prime factors of i.
2, 3, 73, 79
Let l(m) = -7*m + 95. Let i be l(13). List the prime factors of 1474524/1258 + i/(-34).
2, 293
Suppose 24 = 2*b + 16. Suppose -b*h - 13 = -3*f, 4*f - 4*h - 9 - 7 = 0. Let j(p) = 26*p + 17. List the prime factors of j(f).
5, 19
Let q = -61 - -4. Let s = q + 482. What are the prime factors of s?
5, 17
Let p = 9 + -17. Let r be (-20)/p*2*1. Suppose 0*i + r*i - 500 = 0. What are the prime factors of i?
2, 5
Let b(k) = -k**3 - 8*k**2 - 2*k + 15. Let j(c) = 19*c**2 - c - 11. Let u be j(0). What are the prime factors of b(u)?
2, 5
Let a(s) = 25*s**2 - 115*s - 4555. List the prime factors of a(-40).
5, 8009
Let k(r) = 52*r**2 + 2*r - 1. Let f be k(1). Let b be ((12/5)/1)/((-469)/2345). Let q = f - b. What are the prime factors of q?
5, 13
Suppose -2*l = -j - 98, 2*l - 67 = 3*j + 27. Suppose 36*h + 8624 = l*h. What are the prime factors of h?
2, 7, 11
Let d(o) = 90*o + 3617. List the prime factors of d(109).
29, 463
Let l(w) = w**2 - 23*w + 46. Let c be l(21). List the prime factors of (-6)/(-14) - ((-8646)/14 - c).
2, 311
Let h(v) = 2*v + 1. Let g be h(-2). Suppose 5*l - 2*k - 66 = -46, 0 = -5*l - 4*k - 10. List the prime factors of 49 + g + 0 + l.
2, 3
Suppose 4*o - 5*o + t = -285, 3*t = -o + 297. Suppose 60 = 61*d - 49*d. Suppose j + y = o, 2*j + j - d*y - 864 = 0. List the prime factors of j.
2, 3
Let v(b) be the second derivative of -b**5/20 + 2*b**4/3 - 5*b